hat is the units digit of w?
3
Suppose -y = 3*c + 5, 5*y - 4*y - 7 = 3*c. Let v(h) = -h**2 - 2*h + 1. What is the units digit of v(c)?
1
Suppose -u - 4*m = -242, m = 3*u + 3*m - 756. What is the units digit of u?
4
Suppose -4*d + 11*d = 413. What is the units digit of d?
9
Let l(x) = 4*x**2 + 2*x - 5. What is the tens digit of l(3)?
3
Let l = 168 + 282. What is the units digit of (-3)/(-2) - l/(-12)?
9
Let z(h) = h**3 - 7*h**2 + 7*h - 5. Let l be z(6). Let x(g) = 11*g**2 - g + 1. What is the units digit of x(l)?
1
Suppose 10*n - 9*n = 123. What is the units digit of n?
3
Let c(v) = v**2 - 2*v + 3. Let p be c(0). Suppose 0 = -2*g + 4*h + 24, p*g + 4 - 55 = h. What is the units digit of g?
8
Let d(t) = t**2 - 12*t - 11. Let w be d(13). Suppose 97 = w*m + 37. What is the tens digit of m?
3
Let u be (-54)/(-8)*24/9. Let o = u - 6. What is the tens digit of o?
1
Let w(g) be the third derivative of -g**5/60 + 5*g**4/24 + g**3/6 + g**2. What is the units digit of w(4)?
5
What is the hundreds digit of 16/20 - (-6364)/20?
3
Let f(n) = n**3 + 9*n**2 - 10*n + 12. What is the units digit of f(-10)?
2
Suppose -1110 = -5*o + 3*c, -c = 5*o - 2*c - 1110. What is the hundreds digit of o?
2
Let z(a) = a - 7. Let v be z(9). Suppose 1 = 2*x - 3*x + v*n, -3*n + 4 = x. What is the units digit of x?
1
Let r(a) = a**3 - 7*a**2 + 6*a + 3. Let m be r(6). Suppose 4*o + 5*i - 64 = 0, 3*o - m*i - 21 = -0*o. What is the units digit of o?
1
Let u(v) = -7*v + 7. Let w be u(-6). Let t = -19 + w. Suppose o = 6*o - t. What is the units digit of o?
6
Let h(u) = u + 1. Let l be h(-6). Let m(r) = -3*r + 3. What is the tens digit of m(l)?
1
Let p = 30 + -21. Let i be (-6)/(-4)*480/p. Suppose i = -10*s + 15*s. What is the tens digit of s?
1
Let g = 7 + 33. Suppose -2*x - 3*x = -g. What is the units digit of x?
8
Let p be ((-1)/(-1))/((-1)/(-2)). Suppose 2*a = p + 4. Suppose 2*m + a*n - 4 = 0, -m - n + 2 = n. What is the units digit of m?
2
Suppose 5*j - 73 = 47. Suppose 0*z - j = -2*z. What is the units digit of z?
2
Let g = -90 + 16. What is the units digit of g/(-8)*(22 - 18)?
7
Let g(o) = -10*o - 12. What is the tens digit of g(-5)?
3
Suppose 4 = 4*n - 3*f - f, -n = -2*f. Suppose n*q = -2*q + 144. What is the tens digit of q?
3
Suppose 2*c - 6 = 0, 10*q - 10 = 5*q + 5*c. Suppose a + 19 = 3*l, 6*l + q*a = 3*l + 31. What is the units digit of l?
7
Let f be 2/3 + (-12)/18. Let w(z) = -z**3 + z**2 - z + 16. What is the tens digit of w(f)?
1
What is the units digit of (-70)/7*(-84)/10?
4
Let x be -1 - (-1 - (-4)/(-2)). Let f be x/(-1)*1*1. What is the units digit of f*(6/4 + -2)?
1
Let x(n) = 9*n**2 + n + 1. Let h be x(-1). Let u = 14 - h. Suppose -v + 4 = -u. What is the units digit of v?
9
Let v(l) = -8*l**3 + 5*l + 2. Let d(u) = -4*u**3 + 3*u + 1. Let j(w) = -5*d(w) + 3*v(w). Let g be j(1). Let c = g - -6. What is the units digit of c?
3
Let a(i) = 4*i**2 - i. Let o be a(-1). Let q(s) = s - 1. Let f be q(o). Suppose j - 3*c = 6, -23 = -f*j - 2*c + 1. What is the units digit of j?
6
Suppose -3*t + 112 + 8 = 0. What is the units digit of t?
0
What is the units digit of (-8)/(-2) + 1 + 0?
5
Let c(h) = 6*h**2 + 3*h - 3. Let w be c(2). What is the units digit of w/4 + 2/8?
7
What is the tens digit of 195/6 + (-7)/(-14)?
3
Suppose -5*x = -4*j - 1049, -4*x - j + 4*j + 839 = 0. What is the tens digit of x?
0
Let v(z) = z**2. Let g = 0 - -2. Let p be v(g). Suppose -p*h + 45 = -h. What is the units digit of h?
5
Suppose 6*b - 21 = 45. What is the tens digit of b?
1
Let w(h) = h**3 - 5*h**2 - 6*h + 5. Let q be w(6). Let p = 134 - 69. Suppose -5*f - q*v = -p, -5*f + 61 = -4*v - 40. What is the tens digit of f?
1
Suppose 4*m + 3*j + 14 = 0, -3*j - 10 = 2*j. Let k be 0 + m*1/2. Let n = 2 - k. What is the units digit of n?
3
Let a be (-104)/10*(-45)/18. Let u = a - 14. What is the tens digit of u?
1
Suppose 2*p - 4*r - 308 = -3*p, -122 = -2*p + r. What is the tens digit of p?
6
Let j = 29 + -16. What is the tens digit of j?
1
Let b(a) = 11 - a + 7*a + a - a**2. Let c be b(8). Let f = c + -1. What is the units digit of f?
2
Suppose 13 = 4*d - 59. What is the units digit of d?
8
Let j be (-1)/((-36)/(-33) - 1). Let z(a) = -5 - 2 + 0 + 2 - a. What is the units digit of z(j)?
6
What is the tens digit of (-1 - -4) + -2 - -83?
8
Let o(v) = -v**2 - 14*v + 6. Let u be o(-12). Suppose 0 = -4*p + 3*p + u. What is the units digit of p?
0
Suppose -26 + 290 = 3*g. What is the tens digit of g?
8
Suppose 4*q = -s + 6*s - 18, -10 = -s + 4*q. What is the units digit of s?
2
Let d be (-10 - -9)/((-1)/3). Let p = 22 + d. What is the tens digit of p?
2
Let g = -5 + 5. Suppose -53 + 14 = -3*n - 3*x, 3*n - x - 27 = g. Suppose -b - 2*j = 2, 0 = b - 2*b + 2*j + n. What is the units digit of b?
4
Let s be 36/15 + (-2)/5. Suppose -5*v = -s*v - 12. What is the units digit of v?
4
Suppose -2 = 5*q + 3. Let d(n) be the first derivative of -15*n**4/4 - n**2/2 - n - 5. What is the tens digit of d(q)?
1
Suppose a = -3*a. Suppose a*r + r - 9 = 0. What is the units digit of r?
9
Let k = 0 - -15. What is the tens digit of k?
1
Suppose -23 = 3*d - 4*z, 2*d = -3*d + 2*z - 29. Let x = 7 + d. Suppose h = -p - 1, -x*h + 10 = -p - 0. What is the units digit of h?
3
Let j(z) = -2. Let r(m) = m. Let l(o) = -j(o) - 2*r(o). What is the units digit of l(-7)?
6
Suppose -j - 4 = 3*j + 3*k, -4*j + 12 = -k. Let n be (-4)/j + 4/(-2). Let q = n - -11. What is the units digit of q?
7
Let u = 27 - 17. What is the tens digit of u?
1
Let m = 22 + -9. What is the units digit of m?
3
Let x be 0 - 3*(2 + -3). Suppose x*g + 19 = 91. What is the tens digit of g?
2
Let o(g) = 19*g**2 - 2*g - 2. Let n be o(-1). Suppose 5*c - 3*s - 34 = 0, -n = -c - 3*s - 5. What is the units digit of c?
8
Suppose -3*r - 3*r = -726. What is the tens digit of r?
2
Let f(c) = -c**2 - 31*c - 28. What is the units digit of f(-19)?
0
Let l = 238 + -14. What is the hundreds digit of l?
2
Let c = -16 - -22. Let r = c + -1. Suppose -5*h = -5 - r. What is the units digit of h?
2
Suppose u - 3*c + 0 = -9, 3*u = 2*c + 1. Suppose -7*q + 32 = -u*q. Suppose -p + q = p. What is the units digit of p?
4
Suppose -4*o + 88 = -144. Suppose -2*b + o = 5*d - 25, 0 = -2*d - 3*b + 42. What is the units digit of d?
5
What is the units digit of (-6)/18 + (-25)/(-3)?
8
What is the tens digit of (-3)/((-36)/1695) + (-6)/24?
4
Suppose -5*i + 23 + 67 = 0. Let j = 29 - 11. Suppose 4*w = j + i. What is the units digit of w?
9
Let d be 4/22 - 268/22. Let c(n) = n**3 + 13*n**2 + 12*n + 18. What is the tens digit of c(d)?
1
What is the units digit of (-71)/(-1*(-2 + 1) - 2)?
1
Let u(h) = -h**2 - 9*h - 8. Suppose 4*f = j + 13, 4*j + 25 + 1 = 3*f. Suppose 5*z = f*z - 18. What is the tens digit of u(z)?
1
Let v(d) be the first derivative of -d**2/2 + 8*d - 1. What is the tens digit of v(-6)?
1
Let d(r) = r**3 - r**2 + 2. Let a = 10 + -7. Suppose 4*l + 6 = 2*m - 4*m, l - m = a. What is the units digit of d(l)?
2
Suppose k - 4*b - 110 = 0, -2*b + 86 = k - 0*b. What is the units digit of k?
4
Suppose 21 = -3*w - 3*t, 3*t - 2*t = 4*w + 33. Let u = w - -10. Suppose -u*r - 2*c + 28 = 0, 6*r = 2*r + 2*c + 26. What is the units digit of r?
9
What is the tens digit of (-2 + -5 - -4)*-31?
9
Suppose -v + 74 = 5*s, -v - 14 = -2*s + 17. What is the tens digit of s?
1
Let t be 2/4*(-10)/(-1). Suppose -96 = -t*k + k. What is the units digit of k?
4
Let c(x) be the first derivative of -x**5/60 - x**4/4 - x**3/3 - 1. Let z(b) be the third derivative of c(b). What is the units digit of z(-5)?
4
Let u(p) = -p**2 + 7*p - 2. Let x be u(6). Suppose 3*z - 8 - 4 = 0. Suppose -z = -l, 2 = x*y - 5*l - 18. What is the units digit of y?
0
Suppose 5*p = 131 - 21. Suppose 2*r - p = -2*w, -r - 3*r = -w - 19. What is the units digit of r?
6
Suppose -3*i - 7 = -1. Let z(a) = 5*a**2 + a - 2. Let m be z(i). What is the units digit of (m/(-12))/((-3)/27)?
2
What is the units digit of -8 + 26 + 1*4?
2
Let s = 2 - 3. Let f(d) = d**3 - d**2 + 1. Let l(y) = -6*y**3 + 13*y**2 - 2*y + 6. Let k(o) = s*l(o) - 5*f(o). What is the units digit of k(8)?
5
Let i(a) = a - 1. Let g(h) = 4*h - 8. Let x(l) = -g(l) + 3*i(l). What is the units digit of x(-10)?
5
Let h = 94 - 56. What is the tens digit of h?
3
Let h be 236/(-20) - 2/10. Let n = h - -6. Let o = n 